t are the prime factors of 1/(-1 + (-42)/(-39))?
13
Let p be 184/20 + 1/(-5). Suppose 0*g - p = -3*g - 3*h, -2*h = 0. Let s(z) = z**2 - 2*z + 1. List the prime factors of s(g).
2
Let z = 162 + -29. What are the prime factors of z?
7, 19
Suppose 3*z + 0*o = 2*o + 147, o = 3*z - 144. List the prime factors of z.
47
Let w = 142 - 76. List the prime factors of w.
2, 3, 11
Suppose -9 = x - 2. Let r(d) = -2*d - 10. Let u be r(x). Suppose 83 = u*n + 31. List the prime factors of n.
13
Let o be (-2)/2 - 0/5. Let g = -5 + o. What are the prime factors of (-62)/(-4) + 3/g?
3, 5
Suppose 3*a = -2*k + 14, -2*k = k - 12. Suppose -a*h + 0 + 6 = 0. What are the prime factors of h?
3
Suppose -z = -9*z + 704. What are the prime factors of z?
2, 11
Suppose -4*z = -0*z - 8. Suppose -h = z - 12. What are the prime factors of h?
2, 5
Let o be -15*1*(-3)/9. Let g(j) = j**2 - 5*j + 5. List the prime factors of g(o).
5
Let t(j) = -2*j**3 + j**2 + 8*j - 10. List the prime factors of t(-5).
3, 5
Let a be 5*(3 + -2) - 2. Suppose 3*n - 4*x - 24 = -x, a*n + 3*x = 0. Suppose 0 = 5*d + 5*i - 40, 2*d + 0*d - 4*i = n. What are the prime factors of d?
2, 3
Let r be (3/(-2))/((-1)/2). Suppose 0 = -w - r*w + 20. List the prime factors of w.
5
Let c(k) = 2*k. Let m be c(9). Suppose -3*b = -5*h - 2 - m, 3*h = -4*b - 12. Suppose b = 4*r - 3*s - 14, -3*r + r = -3*s - 4. What are the prime factors of r?
5
Let x(m) = m + 17. List the prime factors of x(9).
2, 13
Suppose j = -3*j + 36. Let y = 2 - 1. Let o = j + y. List the prime factors of o.
2, 5
Let d = -61 + 14. Let f = -26 - d. What are the prime factors of 1/(2 - f/12)?
2
Let i(g) = 3*g**2 + g - 21. List the prime factors of i(-9).
3, 71
Let j be ((-132)/(-10))/(18/120). Suppose j = -4*m + 212. List the prime factors of m.
31
Let t(o) be the third derivative of o**4/24 - 7*o**3/6 - 3*o**2. Let p be t(7). List the prime factors of 7*2 - p/1.
2, 7
Let h be (-4)/(-14) + 15/21. Let f(y) = -y**3 + y. Let n(b) = 10*b**2 - b - 11. Let q(w) = h*n(w) - f(w). What are the prime factors of q(-10)?
3
Suppose 2*b + 8 = 6*b. Suppose 4*f + 2*y = 90, 0 = -f - b*y - 2*y + 5. List the prime factors of f.
5
Let s(q) = q**3 + 7*q**2 + 6*q + 5. What are the prime factors of s(-3)?
23
Let p(k) = -k**3 + 4*k**2 - 4. Let z be 1/(-3) - 10/(-3). Let x(v) = 2*v**3 - 4*v**2 + 4. Let f(l) = z*p(l) + 2*x(l). What are the prime factors of f(-3)?
5
Suppose -4*y = -47 - 45. Suppose n + 3 = y. List the prime factors of n.
2, 5
Suppose -3*j - r + 37 = -2*r, -4 = -2*r. Suppose 0 = -2*x + 3*x - j. List the prime factors of x.
13
Let t(a) = -2*a + 11. What are the prime factors of t(-12)?
5, 7
Let m(x) = -x**2 - 2*x + 28. Let t be 0*4/(-4)*1. List the prime factors of m(t).
2, 7
Suppose -13*s + 16*s - 141 = 0. List the prime factors of s.
47
Suppose -4*i - 4*u = 28, 0*u + 3 = i - u. Let b be (i - (-3 + -3))*1. Let s(v) = 2*v - 5. What are the prime factors of s(b)?
3
Suppose 48 = -12*n + 144. List the prime factors of n.
2
Suppose -2*x + n - 11 = -3*x, 0 = 4*n - 8. What are the prime factors of x?
3
Let a(c) be the second derivative of -41*c**4/4 + c**3/3 - c**2/2 + 3*c. Let r be a(1). List the prime factors of (-2)/10 + r/(-10).
2, 3
Suppose 15*o = 18*o - 90. List the prime factors of o.
2, 3, 5
Let g be 0/(-14)*2/6. Let t = -2 + 5. Suppose g*d - 3*d = -t*o - 54, -46 = -3*d + o. What are the prime factors of d?
2, 7
Let z(u) = -u**3 + 13*u**2 + 4*u + 18. List the prime factors of z(13).
2, 5, 7
Suppose 5*v = 40 - 5. Let a = 9 + v. List the prime factors of a.
2
Let z(m) = -m**3 + 7*m**2 - 5*m - 8. Let c be z(6). List the prime factors of -12*((-1)/c - 1).
2, 3
Suppose -n + 24 = -3*g, 0*n = -n - 4*g + 17. Suppose -n = 5*r - 66. List the prime factors of r.
3
Let u(z) = 2*z**2 + 4*z - 13. List the prime factors of u(-6).
5, 7
Suppose -4*w = o - 15 + 91, 3*w - 213 = 3*o. Let v = 118 + o. What are the prime factors of v?
2, 23
Suppose -5*i + 310 = -f, -2*i + 3*i - 2*f - 62 = 0. Let o = i + -23. What are the prime factors of o?
3, 13
List the prime factors of (4/2 + -1)*22.
2, 11
Suppose 5*h + 4*u = 0, -h + 2*u - 5 = -19. Let n = 7 - h. What are the prime factors of n?
3
Suppose 4 + 18 = -2*k. Let g = k + 20. What are the prime factors of g?
3
Let r(y) = y**2 + y - 4. Let x = -1 - 2. Let n be r(x). Let a = 15 + n. List the prime factors of a.
17
Let s be 8/28 + 93/(-7). Let w be -3 + (2 - s) + 3. Let n = w + -9. What are the prime factors of n?
2, 3
Let j be 70/(-4)*40/(-25). Suppose -b - u = 2*b - j, 3*b + 3*u = 18. Suppose 2*o - 21 = b. What are the prime factors of o?
2
Suppose 4*k = -2*i + 4*i + 22, -13 = -2*i - 3*k. What are the prime factors of ((-37)/i + -2)/1?
5, 7
Let p be 0/((3 - -1) + -2). Suppose p = 2*h + 4*m + m - 2, 3*h = 3*m + 24. What are the prime factors of h?
2, 3
Let m(i) = i**3 + 10*i**2 + 6*i - 6. Suppose 0 = -13*c + 11*c - 18. What are the prime factors of m(c)?
3, 7
Suppose -2*z - 6 = 18. Let t be 7/(-2) + (-6)/z. What are the prime factors of ((-1)/t)/(1/21)?
7
Suppose 0*o + v = 3*o - 186, -2*o + 124 = 4*v. List the prime factors of o.
2, 31
Suppose -4 = -2*j + j. Let x(l) = l**3 - 3*l**2 - 4*l + 3. Let y be x(j). What are the prime factors of (-5)/y*-3*1?
5
Suppose 5*w + 6 = 3*w. What are the prime factors of 22 - (w + -1 - -1)?
5
Suppose 2*v - 32 = -3*b, -5*b - 21 - 21 = -4*v. List the prime factors of v.
13
Let s = -20 - -22. Let r = 0 + 2. Suppose -5*z = -2*k - r*k - 22, -s*z - 5*k - 11 = 0. List the prime factors of z.
2
Suppose -5*h + 3*j + 240 = -2*j, 4*h = -3*j + 227. List the prime factors of h.
53
Let c(i) = 2*i + 5. Let f(a) = -a - 6. Let o(b) = -2*c(b) - 3*f(b). List the prime factors of o(0).
2
Suppose -2*r - 4 = 2*k + k, -12 = 5*k - 2*r. What are the prime factors of (9 - 1)*k/(-4)?
2
Let l = 11 - 0. Let z = 17 - l. What are the prime factors of 4/z + (-110)/(-15)?
2
Suppose -3*g + 267 = -0. Suppose 4*w - g = -w + 2*y, -w + 3*y + 10 = 0. List the prime factors of w.
19
Suppose 15 = -5*l, -l - 113 = -8*s + 3*s. List the prime factors of s.
2, 11
Let p = -19 + 18. What are the prime factors of 3*(p + -2)/(-3)?
3
Let w(d) = 10*d**2 - 17. What are the prime factors of w(-6)?
7
Let v(k) = k**3 - 2*k + 3. Let j = 36 - 15. Let l be 6/j - 24/(-14). List the prime factors of v(l).
7
Suppose -35*f + 31*f = -780. What are the prime factors of f?
3, 5, 13
Suppose -4*f + 77 = -0*i - 5*i, 0 = -4*f + 4*i + 80. List the prime factors of f.
23
Let z(m) = m**3 + 10*m**2 - 12*m - 6. Let b be z(-11). Suppose -84 = -8*t + b*t. What are the prime factors of t?
2, 7
Suppose -6*i + 4*i + 44 = 0. Suppose -3*h + i = -29. What are the prime factors of h?
17
Suppose k + o = 11, -3*k + 0*o + 53 = -o. List the prime factors of k.
2
Let x(s) = -s**3 - s**2 + 4. Let g be x(0). Suppose g*r + 20 = -64. Let c = -10 - r. List the prime factors of c.
11
Let q be 12/(-5)*10/3. Let m be q/(-12) - 89/3. List the prime factors of (-2)/(-6) + m/(-3).
2, 5
Let m(y) = -y**3 - 6*y**2 - 5*y + 5. Let h be m(-5). Suppose -h*g + 34 = 4*w, g + g = -3*w + 8. Suppose 3*t - 52 = -g. What are the prime factors of t?
2, 7
Let r = 8 + -12. Let x = -1 - r. Suppose x*i - 24 = -3. List the prime factors of i.
7
Let q be -1 + 0 - -2 - 24. Let p = 34 + q. List the prime factors of p.
11
Let y(a) = -a - 5. Let t be y(-7). Suppose 0 = -5*h + t*h + 3. What are the prime factors of h/(29/14 + -2)?
2, 7
Let l = -15 - -29. Let i = 0 + l. What are the prime factors of i?
2, 7
Suppose 134 = -0*q + 2*q. List the prime factors of q.
67
Let o(m) be the first derivative of 9*m**4/4 - m**2/2 + m + 1. Let y be 28/20 + 4/(-10). What are the prime factors of o(y)?
3
Let i(h) = -h**3 + 5*h**2 - 2*h - 4. Let m = -4 - -8. Let d be i(m). Suppose -y - d = -3*y. What are the prime factors of y?
2
Let w(m) = m**2 - 8*m + 9. Let x be w(6). Let p = x + 3. Suppose 5*k - f - 9 = -p*f, -9 = -2*k - 5*f. What are the prime factors of k?
2
Let w = -3 + 82. Let d = w + -55. Suppose d = 4*r - r. What are the prime factors of r?
2
Let q(d) = 4*d**2 - 13*d + 12. Let j(t) = -5*t**2 + 14*t - 13. Let k(f) = 3*j(f) + 4*q(f). What are the prime factors of k(11)?
2, 5
Suppose -8*k + 29 - 13 = 0. List the prime factors of k.
2
Suppose -5*g = 5*x, -4*x - g - 2*g = -4. Suppose m - x*m + 15 = 0. What are the prime factors of m?
5
S